hat is the remainder when j is divided by 7?
6
Let v = 20914 - 20858. What is the remainder when -103*(0 + 0 + -1) is divided by v?
47
Let z(i) = 5*i - 116. Suppose -3*k - 29 + 164 = 0. What is the remainder when k is divided by z(26)?
3
What is the remainder when 1904 is divided by 4/40 + (13705/50 - (-10)/(-50))?
260
Let v = -3900 + 5358. What is the remainder when v is divided by 728?
2
Suppose -9*c + 6*c + p + 402 = 0, 5*c - 5*p = 650. Calculate the remainder when 4350 is divided by c.
134
Let y = 0 + 35. Let z(c) = -19*c - 20. Let p be z(-3). Let u(j) = j**3 - 38*j**2 + 36*j + 49. Calculate the remainder when y is divided by u(p).
11
Suppose -169254 + 61926 = 104*d - 147*d. What is the remainder when d is divided by 18?
12
Let j = 210 - -244. Let a(p) = -p**3 + 3*p**2 + 7*p + 13. Calculate the remainder when j is divided by a(-2).
17
Calculate the remainder when (-7)/3*(-21)/98*428 is divided by 24.
22
Let r(i) = 8*i - 30. Let p be r(12). What is the remainder when 161 is divided by (p/4)/((-21)/(-70))?
51
Let l be -2*87*((-2)/(-4) - 1). Suppose -90*g + l*g + 135 = 0. Calculate the remainder when g is divided by 0 - -2 - -2*5.
9
Let t = 13007 - 12375. What is the remainder when 643 is divided by t?
11
Let c(g) = g + 14. Let n be (4/8*16)/(-1) + -3. Let y be c(n). Suppose 0*f - 20 = 5*f, -y*o + 4*f + 61 = 0. What is the remainder when 27 is divided by o?
12
Let s = 291 - 691. Let d = s - -576. What is the remainder when d is divided by 45?
41
Let z(i) = -i**2 - 4*i**2 + 6*i**2 + 8 - i. Let b be (-4)/6*(-3 + -2 - -11). Calculate the remainder when z(b) is divided by 8.
4
Let h(u) = 3*u**2 + 5*u - 27. Let f be h(-9). Let z = -142 + f. Calculate the remainder when z is divided by 3.
2
Let h = 25 - 25. Suppose h = -2*w + b - 2, -2*w + 10 = -w + 5*b. Calculate the remainder when 26 is divided by ((-28)/(-8) + w)*2.
5
What is the remainder when -15 - (-32 + 3 + -15) is divided by 12?
5
Calculate the remainder when 1579 is divided by (-2)/(8 - (-750)/(-93)).
29
What is the remainder when 362 is divided by 1/(-10) + (-9)/(2430/(-20547))?
58
Let i(d) = -79*d - 72. Let m be i(-4). What is the remainder when 8/((-16)/(-10)) + m is divided by 14?
11
Let z(f) = 3*f**2 - 9*f - 9. Let g = -103 - -109. What is the remainder when z(g) is divided by 29?
16
Let r = 6044 + -4629. Calculate the remainder when r is divided by 20.
15
Let w(v) = 11*v**2 + 60*v - 5. Calculate the remainder when w(3) is divided by 171.
103
Let f(n) be the second derivative of 5*n**4/12 + n**3/2 - n**2 + 5*n. What is the remainder when -4 - -8 - (0 - -30)/(-2) is divided by f(-2)?
7
Let c = 72 - 87. Let h be c/105 + 992/(-14). Let u = -63 - h. What is the remainder when 17 is divided by u?
1
What is the remainder when -5*77/(-35)*7 + 7 - -5 is divided by 75?
14
Let s = -25 - -31. Let b be 2*(3 - 201/s). Let c = -55 - b. Calculate the remainder when 17 is divided by c.
5
Let x = -304 + 325. Suppose x*q - 5 = 793. Calculate the remainder when 110 is divided by q.
34
Suppose 2*f + f + 471 = -4*y, 0 = 3*y - 3*f + 348. Let z = -65 - y. Suppose 2*h - 3*h + 19 = 0. Calculate the remainder when z is divided by h.
14
Calculate the remainder when 907 is divided by -4 + (-2 + 133/14)*(5 + -1).
23
Calculate the remainder when 527 is divided by ((-49)/(-7) - 4)*23/3.
21
Let a(n) = -n**3 - 5*n**2 - 5*n - 5. Let z be a(-4). Let b(g) = -7*g + 1. Calculate the remainder when 15 - 21/(9/(-27)*9) is divided by b(z).
6
Let l(x) = 14*x**2 + 14*x + 25. Calculate the remainder when 454 is divided by l(-3).
18
Calculate the remainder when (-1 - 60964)*17*141/(-3995) is divided by 124.
123
Suppose 2*h - 10*c + 6*c - 1966 = 0, 3*c + 9 = 0. What is the remainder when h is divided by 311?
44
Suppose -5*r = -5*z - 35, -3*z - 6 = -0. Suppose k + r*g = 3*g, -5 = -k + 3*g. What is the remainder when 47 is divided by (-10)/(-4 - -2) - k - -7?
7
Suppose 2*k - 5*x - 73 = 0, 4*x + 7 = 4*k - 121. Let v(s) = -2*s**2 + 30*s + 43. What is the remainder when k is divided by v(16)?
7
Let q be 2 - (1 + 0)*(-8)/8. Let n(c) = -54*c**3 - 33 - 23*c**2 + 2*c + 0*c + 55*c**q. Calculate the remainder when 76 is divided by n(23).
11
Suppose 0 = 3*u - 5*v - 13, 3*u = -0*v - 3*v + 45. Let z(s) = 30 - 78 - 12 - 96 - 6*s. Calculate the remainder when z(-31) is divided by u.
8
Let z(v) = -6*v**3 - 102*v**2 - 57*v - 27. What is the remainder when z(-22) is divided by 19?
15
Let u be (40 - 40)/(10/(-2)). Suppose u = -19*h + 34*h - 885. What is the remainder when h is divided by 5?
4
Let f(o) = -o**2 - 7*o. Let h be f(-7). Suppose -10*z - 12*z + 1958 = h. What is the remainder when z is divided by 35?
19
Let t = 332 - 198. Suppose -x = 3*l - 14, 33 + 22 = 3*x - 4*l. What is the remainder when t is divided by x?
15
Let u(t) = 63*t**3 - t**2 - t - 1. Let q be (1*-1)/(5 + -4). Let b be u(q). Let x = b + 67. Calculate the remainder when 6 is divided by x.
0
What is the remainder when 43 is divided by 828/690 + (-149)/(-5)?
12
What is the remainder when 2*(928 - 14)*2/8 is divided by 14?
9
Suppose 5*k - 8 = 2. Suppose k*d - 85 = 291. What is the remainder when d is divided by 38?
36
Suppose 35*z + 5*z - 2819 = 10861. Calculate the remainder when z is divided by 87.
81
Let p = 8 - 0. Suppose 0 = 4*v - 9*k + 11*k - 214, 4*v - 3*k = 209. Calculate the remainder when v is divided by p.
5
Let x(f) be the second derivative of f**5/20 + 7*f**4/12 - 3*f**3/2 + 6*f**2 - f + 7. What is the remainder when x(-5) is divided by 6?
5
Let w(b) = -76*b - 747. Calculate the remainder when w(-17) is divided by 545.
0
Let q(g) = -g**3 - 3*g**2 + 11*g + 18. Let a = 356 + -361. What is the remainder when 2/(-4) + 354/4 is divided by q(a)?
10
Let d(r) = 48*r**2 + 15*r + 16. What is the remainder when d(-1) is divided by (25/2)/(1/((-4)/(-2)))?
24
Let v = 4426 + -3109. Calculate the remainder when v is divided by 44.
41
Calculate the remainder when 1548 is divided by ((-3)/(-2))/((-267)/(-2492)).
8
Let b = -14 - -27. Let m(q) = 284*q + 2904. Calculate the remainder when m(-9) is divided by b.
10
Let b(m) = 0 + 2 - 1 - m**2 + 0. Let g(u) = -5*u**2 + 7*u. Let j(x) = -4*b(x) + g(x). Calculate the remainder when 23 is divided by j(5).
5
Let l = -14 + 24. Let w be ((-30)/(-24))/((-2)/(-8)). Suppose w*h + 39 + 36 = 5*r, -4*r + 59 = -5*h. What is the remainder when r is divided by l?
6
Suppose -8*m + 1180 = 12*m. Let c = 47 + -45. Suppose -v + 4*i = -17, -5*v + c*i + 54 = -v. What is the remainder when m is divided by v?
7
Suppose -4 = -4*p + 20. Let b(f) = 2*f**2 - 54 - 52 + 101. Calculate the remainder when b(-5) is divided by p.
3
Suppose 3*f - u = -1, -f + 22 = f + 5*u. Let l be 30*(f/4 + 42/(-40)). What is the remainder when (241/4 - 2) + l/(-32) is divided by 10?
9
Let v(h) = -179*h - 2804. What is the remainder when 229 is divided by v(-16)?
49
Suppose 4*b + 722 = 2*b. Let a be ((1 - 4) + b)*-1. Suppose 5*t - 259 = -3*i, -5*i = -i + 2*t - a. What is the remainder when i is divided by 24?
21
Suppose -40*h - 13*h + 7215 = -5134. What is the remainder when 679 is divided by h?
213
Suppose -30 = 6*s - 8*s. Suppose -7*w + 2*w = -s. Suppose -3*y + 36 = -3. What is the remainder when y is divided by w?
1
Suppose -1 + 5 = 4*b, 5*b = -3*w + 11. Let f be 181 + 1 - (2 - w)/(-6). Calculate the remainder when 132 is divided by (-1)/6 - f/(-12).
12
Let h = 147 + -69. Calculate the remainder when h is divided by (-7 + 1)*(1302/(-63))/31.
2
Suppose 5*x = -2*q - 37, -4*q - 3*x + 87 = -8*q. Let z = q - -80. What is the remainder when z is divided by 2205/504*36/(-14)*16/(-12)?
14
Let m(q) = 6*q**3 - 20*q**2 + 48*q - 88. What is the remainder when m(5) is divided by 205?
197
Suppose 3*j - 154 = 5*a, 2*j + 2*a - 83 = -23. What is the remainder when 1852 is divided by j?
28
Let t = -9 - -31. Suppose -18*v + t*v = 12. Let l(w) = w**3 - 3*w**2 + 3*w - 5. What is the remainder when 17 is divided by l(v)?
1
Let l(j) = 120*j**2 + 51*j + 52. Calculate the remainder when l(-1) is divided by 1 - -32*1 - 1.
25
Let l(i) = 79*i - 2776. What is the remainder when l(95) is divided by 57?
55
Suppose -3*s - 5*n + 84 = 0, 8*s - 3*n + 58 = 10*s. What is the remainder when 299 is divided by s?
33
Suppose -4*r + 42 = 3*p, 11*p + 4*r - 108 = 5*p. What is the remainder when 719 is divided by p?
15
Let k(f